 + 543 = s. What is the highest common factor of a and 12?
12
Let a be (-6)/9*((-735)/14 + 3). What is the highest common factor of 77 and a?
11
Let n be (775/(-20))/(2/(-24)). Let u be 2/(-14) + n/21. What is the highest common factor of 2 and u?
2
Let a = -349 - -583. Calculate the greatest common divisor of 54 and a.
18
Let z be 594/(-15)*35/(-14). Suppose 4*b - 15 = b. Suppose 0 = -b*w - 2*l + z, w = -0*l - 4*l + 27. What is the greatest common divisor of w and 95?
19
Let j be ((-484)/(-6))/((-13)/234*-12). What is the highest common divisor of 88 and j?
11
Suppose -5*m - 22 - 8 = 0. Let j = -46 - -75. Let s = m + j. What is the greatest common factor of 253 and s?
23
Let g(h) = h**3 - 6*h**2 - 5*h - 8. Let i be g(7). Suppose -3*c + 105 = -0*c + 5*j, 0 = 3*c - 5*j - 75. What is the highest common factor of c and i?
6
Suppose -120 = 6*u - 7*u. Suppose 2*t = -3*t + u. Calculate the greatest common divisor of t and 16.
8
Let v(s) = -s**3 + 15*s**2 - 8*s - 26. Let g be v(13). Calculate the highest common factor of 13 and g.
13
Suppose 4*o + 36 = 20. Let u(q) = 2*q**2 + 6*q + 4. Let n be u(o). What is the highest common factor of 60 and n?
12
Suppose -18*l + 12 = -14*l. Suppose 0 = -y + l*n - 3, 5*n - 3 - 4 = y. Calculate the greatest common divisor of y and 3.
3
Let u = -28 - -44. Let b = -49 - -121. Let h be (-2)/4 + b/16. Calculate the greatest common divisor of u and h.
4
Let t(u) = u**2 + 11*u - 49. Let s be t(-18). Calculate the highest common divisor of 22 and s.
11
Suppose -6*r = -r + 75. Let m = r - -15. Suppose 0 = -f - 4*t - 6, 0*f - 5*f + 3*t + 16 = m. Calculate the greatest common divisor of f and 18.
2
Suppose d = 121*l - 116*l - 54, 0 = -l + 3*d + 22. What is the greatest common factor of 480 and l?
10
Suppose 25 = -5*x, 5*x + 3110 = 3*w + 10*x. What is the greatest common divisor of w and 110?
55
Suppose i + 0*i = 164. Let a be 483/12 + ((-12)/16)/(-1). What is the highest common factor of a and i?
41
Let q(w) = w**2 - w - 4. Let s be q(-2). Suppose 3*a + 5*c - 27 - 42 = 0, 5*a + s*c = 134. What is the highest common factor of a and 224?
28
Suppose -2*x + 9 = q - 24, 0 = 2*x + 5*q - 37. Calculate the highest common divisor of x and 44.
4
Let n = -434 + 704. What is the greatest common factor of 10 and n?
10
Let z be -11 - -18 - (-82 - 3). What is the greatest common divisor of z and 23?
23
Let i = 535 - 525. Suppose -5*n - 10 = 4*y, 4*n + 0*n - 3 = -y. Suppose 92 = n*f + a + a, -2*f + 80 = 5*a. What is the greatest common factor of i and f?
10
Let a(h) = 4*h**3 + 0*h**3 + h - 1 - 3*h**2 + 4*h**2. Let q be a(1). Suppose -q*d + 7*d - 48 = 0. What is the highest common divisor of 16 and d?
8
Let d = 261 - 249. Let s be (356/(-10))/(-1) + 10/25. Calculate the highest common divisor of d and s.
12
Let t(y) = -4*y**2 - 8*y + 3. Let w be t(-7). Let d = w + 173. Calculate the highest common divisor of d and 396.
36
Suppose 126 = 4*l + k, 5*l + 0*l - 4*k - 168 = 0. What is the highest common divisor of l and 24?
8
Let u be ((-22)/(-5))/((-4)/5)*-2. Calculate the highest common divisor of 55 and u.
11
Suppose -3 = 6*o - 3*o. Let l be ((-8)/(-5) + o)*(-25 + 35). Let k(t) = 2*t + 2. Let j be k(5). Calculate the greatest common divisor of j and l.
6
Let r(l) = -12*l - 1. Let p be r(-3). Let v(u) = -2*u**3 + 8*u + 9. Let w be v(-4). What is the greatest common factor of w and p?
35
Suppose 24 = 9*y - 5*y. Suppose -24*c = -21*c - y. Calculate the highest common factor of c and 18.
2
Let d(a) = -2*a - 2. Suppose 8*w + 0*w + 64 = 0. Let b be d(w). What is the highest common divisor of 7 and b?
7
Let a = -4 + 10. Let s(d) = d - d**3 - 3 - 3*d**2 + 1 + 8*d**3 - 6*d**3. Let b be s(a). Calculate the highest common factor of b and 16.
16
Suppose -3*b + 9 = -s, 7 = 5*s - 2*b - 0*b. Suppose -2*z = -s*q - 33, 2*z - 7*q - 27 = -6*q. Calculate the greatest common divisor of 36 and z.
12
Suppose -4*r = 3*b - 75, -78*r + 3*b = -80*r + 39. Calculate the greatest common factor of 765 and r.
9
Suppose 0 = -n + 2*n - 2*v - 5, 5*n - 64 = -3*v. Let b = -2 + n. Suppose 4*i - 44 = -2*p + 12, -2*i = -5*p + 80. What is the greatest common divisor of b and p?
9
Let y = -69 - -101. Let a = 18 + -13. Suppose -4*z - a*m - 35 = -87, 48 = 4*z + 4*m. What is the greatest common factor of y and z?
8
Let b(m) = m**2 + 23*m - 7. Let q be (1/2)/((-8)/288). Let x be b(q). Let u = x - -174. What is the highest common divisor of u and 11?
11
Suppose 3*s - 2*w - 394 = -s, 0 = -2*s - 5*w + 167. What is the highest common divisor of s and 3?
3
Suppose 5*c + i + 12 = 0, -2*i + 11 = -4*c - 7. Let p = -1 - c. Let o be 306/24 - p/(-8). What is the highest common factor of 91 and o?
13
Let j = -188 - -84. Let z = j + 130. Calculate the highest common divisor of z and 2.
2
Let u be (-2)/(-10) - (-90)/50. Let o be (((-56)/3)/u)/((-12)/18). Calculate the highest common divisor of o and 70.
14
Suppose 19*u - 429 = -106. What is the highest common factor of 629 and u?
17
Suppose -174 = -d + h + h, 0 = 3*d + h - 536. Suppose -d = 5*c - 503. Let i = c - 45. What is the highest common divisor of i and 10?
10
Suppose 0 = 2*w - 26 + 10. Suppose 4*z - w = -0. Calculate the highest common divisor of 3 and z.
1
Let b be 13 - (-3)/(4/18 + (-58)/18). Let r = 392 + -236. Calculate the greatest common divisor of r and b.
12
Let z be (-1340)/150 + 9 + 7798/30. What is the greatest common factor of z and 195?
65
Let s(u) = 19*u + 3. Let f be s(-2). Let o = -16 - f. Let k = 55 - o. What is the highest common factor of k and 90?
18
Let v = -163 + 188. Suppose 3*y + 37 = 337. Calculate the greatest common factor of y and v.
25
Suppose 0 = -74*u + 17*u + 15903. Calculate the highest common divisor of u and 9.
9
Let f(r) = -r + 16. Let s be f(14). Suppose 0 = 3*o - 4*l - 68, -36 = -0*o - s*o - 2*l. Suppose -5*a + 27 = -13. What is the highest common factor of a and o?
4
Let k be (4 + -10)/(1 - 3). Let g be 3 + 0*((-12)/k - -3). Let m be (-1 + 0)*-1 - -2. Calculate the highest common divisor of m and g.
3
Suppose 0 = -5*n - 3*d + 47 + 133, 0 = 5*n - 4*d - 145. Let j be -8 + 8 + 11*8. Suppose -2*x - 2*x = -j. What is the greatest common factor of x and n?
11
Let s(q) be the third derivative of -q**5/60 + q**4/24 + 77*q**3/2 + 13*q**2. Let k be s(0). Calculate the highest common factor of k and 21.
21
Suppose 0 = 2793*x - 2796*x + 120. Calculate the highest common divisor of 1480 and x.
40
Suppose 391 = 4*r - 5*m, -5 = 9*m - 10*m. Calculate the greatest common factor of r and 16.
8
Suppose x - 3 = -2*k, -2*k = -3*x - 8 + 1. Let r be k*15*(-6)/(-10). What is the highest common divisor of r and 162?
18
Let g(m) = 5*m**2 + 21*m + 99. Let a be g(-6). What is the highest common factor of 9 and a?
9
Let w(g) = -g**3 + 9*g**2 - 4*g + 4. Let z(y) = -y**2 + 9*y + 9. Let u be z(9). Let a be w(u). Let o = a - -35. What is the highest common factor of 9 and o?
3
Let j = -10 - -13. Let o(h) = -j*h - h**3 + 2*h**3 + 2*h - 3 + 4*h. Let c be o(2). Calculate the highest common factor of c and 77.
11
Let p = -19 + 21. Suppose p*u - q + 2 = 3*q, -2*u - q = -8. Suppose 156 = 2*c + 5*t - 21, -9 = u*t. Calculate the highest common divisor of 12 and c.
12
Let l(c) = 7 - 2*c - 3 + 3*c. Let r be l(-4). Suppose -2*y + y + 14 = r. Calculate the greatest common factor of y and 35.
7
Let b be 60/(-18)*(3/(-2) - 0). Suppose 0 = -b*y + 2*y + 168. What is the greatest common divisor of y and 16?
8
Let f = -141 - -317. Let l be 0 + (-18)/(-24)*4. Suppose -l*t + 144 = 6*t. What is the greatest common divisor of f and t?
16
Suppose -o = 4*g - 6*o - 35, -10 = g - 5*o. Suppose s = g + 25. What is the highest common factor of s and 16?
8
Let j(g) = 5*g - 3. Let m be j(1). Suppose 0 = m*r - 1 + 7, -4*n + 3*r + 17 = 0. What is the greatest common factor of 8 and n?
2
Let n = -282 + 292. Let t(d) = -d**3 - 3*d**2 - d + 5. Let a be t(-5). Calculate the greatest common divisor of n and a.
10
Let w(x) = 26*x**2 - 4*x - 1. Let a be w(2). Calculate the greatest common factor of 760 and a.
95
Let a(j) = 2*j - 11. Let g be a(7). What is the highest common divisor of 19 and g?
1
Suppose -h = -4*b - 23, -b + 3 + 1 = 3*h. Suppose -c - 171 = p, -3*p + 4*c = -28 + 527. Let d = p - -190. What is the greatest common divisor of h and d?
3
Suppose -5*s - 9 = -2*m, -